- -53. Let w = t - 9. List the prime factors of w.
3
Let k(m) = m**3 - 9*m**2 + 8*m + 2. Let n be k(8). Suppose -h - 19 = -n*h. What are the prime factors of h?
19
Suppose 5*j - 3*s - 250 = 0, -2*j - j + s = -154. List the prime factors of j.
53
What are the prime factors of (-3)/(-2)*(-3 - (-125)/3)?
2, 29
Suppose u - 34 + 9 = 0. Let j = u + -15. What are the prime factors of j?
2, 5
Let x = 314 + -178. List the prime factors of x.
2, 17
Let s(t) = 2*t**2 + t - 10. What are the prime factors of s(6)?
2, 17
Suppose 47 = 2*v - 77. What are the prime factors of v?
2, 31
Suppose 2*g - 8 = a, 2*a + 3*g = -7 - 2. Let d(z) = -z**2 - 6*z + 1. Let y be d(a). List the prime factors of (y*-5)/(-1)*1.
5
Let g = -3 + 2. Let z = 4 - g. List the prime factors of (-1)/(z/(-2) + 2).
2
List the prime factors of 62*(-183)/(-33) - (-6)/33.
2, 43
Suppose 0*u = -3*u + 3*v + 15, 10 = -2*u - 3*v. Let b(z) = 33*z**2. What are the prime factors of b(u)?
3, 11
Let p(n) = 2 - 1 + 3 - 2 + 23*n. Let x be p(2). Suppose -2*t = -5*t + x. What are the prime factors of t?
2
Let y be 4/6*6 - 0. Let m be y/(-22) + (-120)/(-55). Suppose m*g - 6*g = -n - 17, n = g - 5. List the prime factors of g.
2
Let z(u) = 3 + 5*u - 7*u**2 - 2*u + 6*u**2. Let k be z(3). Suppose 2*v + 4*m = 3*v - 28, -5*v + 48 = k*m. What are the prime factors of v?
2, 3
Let t(k) = 13*k**2 + 2*k + 3. What are the prime factors of t(-3)?
2, 3, 19
Let j(w) = -w**2 - 4*w. Let b be j(-2). Let c(z) = z**2 - 2*z + 4. What are the prime factors of c(b)?
2, 3
Suppose -u = -2*u - 3. What are the prime factors of (-1 - u)/(2/4)?
2
Let a(m) = 3 + 0 - 5*m - 4. Let v = -3 + 2. What are the prime factors of a(v)?
2
Suppose 233 = 38*r - 37*r. List the prime factors of r.
233
Suppose 0 = 2*z - 4*z + 26. Suppose 2*c - 4*o = -o + z, 5*c + 2*o = 4. Suppose -b - 5*q = -5, -c*q = b - 0*b - 5. List the prime factors of b.
5
Let t(x) = x**2 - 9*x. Let a be t(7). Let u = 12 + 16. Let v = u + a. List the prime factors of v.
2, 7
Let r be (0 - -2) + (-1 - -1 - 2). Let d(v) = v. Let q(p) = p**3 + 3*p - 3. Let b(c) = 3*d(c) - q(c). What are the prime factors of b(r)?
3
Let n = 22 + -15. Suppose -q = -0 - n. What are the prime factors of q?
7
Suppose -5*z + 145 = -a, z + z + 4*a = 80. List the prime factors of z.
2, 3, 5
Suppose 6*f = 2*f - 2*j + 48, f = -3*j + 17. Suppose -f = -p + 11. What are the prime factors of p?
2, 11
Suppose 5*i = -2*d + 161, i = d - 6 - 57. Suppose 0*o + d = 4*o. List the prime factors of o.
17
Let i = -8 - -16. Suppose 0 = -2*z + i. Suppose -z*n + 5*s + 11 = -0*s, 4*s - 11 = n. What are the prime factors of n?
3
Let d = 2 + 0. Suppose -l = 3*w + 36, -d*w - l - 24 = -0*l. What are the prime factors of (w/10)/(6/(-15))?
3
Let x = -141 + 225. Let t = 142 - x. List the prime factors of (-6)/21 - t/(-7).
2
Let i(j) = j**2 + 3*j - 11. List the prime factors of i(-10).
59
Suppose -4*o + 16 = -4*c - 8, 10 = -c + 5*o. Let h be 4/10 + 22/c. Let z(g) = -g**2 - 6*g - 1. What are the prime factors of z(h)?
7
Suppose -r + 4*r = -2*t, -3*r - 5*t = -9. Let q be (r/(-4))/((-4)/(-32)). Suppose -8 = q*g - 6*g. What are the prime factors of g?
2
Suppose -5*m + y + 5 = -m, 0 = -m + 5*y + 25. Suppose m = -b - 2*b + 12. List the prime factors of b.
2
Let l = 13 + 171. What are the prime factors of l?
2, 23
Let x(u) = -u**3 - 8*u**2 + 5*u + 4. What are the prime factors of x(-9)?
2, 5
Let b = -36 + 72. What are the prime factors of b?
2, 3
Let l = -121 + 172. List the prime factors of l.
3, 17
Let v be ((-8)/10)/((-1)/5). Let j = -54 - -93. Suppose -v*m - w = -j, 4*w - 1 = 4*m - 65. List the prime factors of m.
11
Let u(b) = 19*b - 24. List the prime factors of u(3).
3, 11
Suppose -43 + 8 = -7*i. List the prime factors of i.
5
Let y(r) = -r**3 - 5*r**2 + 5*r - 2. Let i be y(-6). Suppose -5*u = f - 56, -i*u = 3*f + 2*f - 28. What are the prime factors of u?
2, 3
Let b be (-18)/(-4)*(0 + -4). Let d = b - -29. List the prime factors of d.
11
Let c be (-4)/(-6) + 2/(-3). Suppose 4*u - 62 - 6 = c. What are the prime factors of u?
17
What are the prime factors of (-17 + 0)*(-10 + 7)?
3, 17
Let t(j) = -j**2 + 3*j - 2. Let n be t(3). Let f be (n/6)/(1/9). What are the prime factors of 5*1 - 6/f?
7
Let d = 58 + -27. What are the prime factors of d?
31
Suppose -3*z + 270 = -0*z. Suppose -8*v = -13*v + z. What are the prime factors of v?
2, 3
Let t be (-5)/5 - 7*-1. Suppose -15 = 3*a, 3*l - t*l - 4*a = -109. List the prime factors of l.
43
Let f(u) = -u**2 + 8*u - 7. Let x be f(7). Suppose -4*v + 14 + 46 = x. List the prime factors of v.
3, 5
List the prime factors of 2/2 - 84/(-2).
43
Suppose 0 = 5*n + 7 + 3. Let k be 1 + (-2 - -2 - n). Suppose -k*i - 40 = -8*i. What are the prime factors of i?
2
Suppose 0 = 9*j - 4*j - 205. What are the prime factors of j?
41
Let v(o) = 2*o**2 + 5*o - 6. Let q be v(-5). Let i(y) = -2*y**2 - 6 + y**2 - 3*y + 2*y + q. What are the prime factors of i(0)?
13
Let q = 703 + -379. What are the prime factors of q?
2, 3
Let j be (-4)/10 + 32/(-20). Let x be 9/(-6)*3*j. Let m(u) = u + 3. What are the prime factors of m(x)?
2, 3
Let m(d) = d**3 - 6*d**2 - 4*d + 9. Let t be (1/(-2))/(1/(-14)). What are the prime factors of m(t)?
2, 3, 5
Let r = 14 - 0. Suppose 3 = -p + r. List the prime factors of p.
11
Suppose 25 = -i + 2*i. What are the prime factors of i?
5
Let l(v) = 6*v - 1. Suppose -6 = 3*p - 15. What are the prime factors of l(p)?
17
Let u = 130 - 63. List the prime factors of u.
67
Let l(y) = y**3 - 6*y**2 - 2*y - 8. Let g be l(6). Let a = g - -36. What are the prime factors of a?
2
Suppose 4*q = 4, 5*w + 9 = 3*q + 31. What are the prime factors of w?
5
Let o(y) = -y**3 + 7*y**2 - 6*y - 5. Suppose -5*a = -4*s - 5, -3*a + 5*a + 4*s = 30. What are the prime factors of o(a)?
3, 5
Suppose t + 2*u = -0*u + 6, 3*t + u = 13. Suppose -t + 18 = 2*j. What are the prime factors of j?
7
Let a be ((-4)/8)/(2/12). Let n(q) = -q**3 - q**2 + 2*q - 3. List the prime factors of n(a).
3
Let p = 2 - -2. Suppose p*m - 63 + 11 = 0. List the prime factors of m.
13
Suppose 4*u = 5*s - 110, s - 2*u = 7 + 15. Let x = s - 13. What are the prime factors of x?
3
Suppose 2*t + v - 4*v = 14, 0 = 2*t + 4*v. Let x(o) = -5*o - 8. Let f(m) = -11*m - 16. Let a(w) = t*f(w) - 9*x(w). What are the prime factors of a(0)?
2
Let f(v) = v - 1. Let t be f(5). Let q(d) = 5*d**2 - 7*d + 3 - 3*d**2 - t. What are the prime factors of q(5)?
2, 7
Suppose 86 = 3*d - 118. Let z = 116 - d. List the prime factors of z.
2, 3
Suppose -y + 7 = -2*c - 1, 2*c = 3*y - 12. Let i = c + 7. Let o = 6 - i. List the prime factors of o.
2
Let u be 6/3 + 0 + 31. Suppose -z + u = 5*s, -11 = -z + 3*s + 14. Let n = z + -19. What are the prime factors of n?
3
Suppose 0 = b - 3 - 78. List the prime factors of b.
3
Suppose -5*k + 5*i - i = 53, -5*k = -i + 62. Let d(h) = -2*h - 8. What are the prime factors of d(k)?
2, 3
Let a = -44 - -12. Let o = -14 - a. Suppose 3*n - 15 = o. What are the prime factors of n?
11
List the prime factors of (126/2)/1 + (-6)/3.
61
Let f(b) be the first derivative of -b**2/2 + b - 4. What are the prime factors of f(-4)?
5
Suppose 2*z = 3*j - 208, z = 7 - 3. What are the prime factors of j?
2, 3
Suppose 0 = -7*p + 5*p + 34. What are the prime factors of p?
17
List the prime factors of (-11*(-3)/9)/((-3)/(-63)).
7, 11
Suppose -5*a = 1 - 41. List the prime factors of a/3*21/4.
2, 7
Suppose -4*a - 4*q = 76, -3*q + 2*q = -2*a - 23. Let l = a + 33. List the prime factors of l.
19
Let c(b) = -10*b**3 + b - 2 + 9*b**3 - 5*b**2 + 1. List the prime factors of c(-6).
29
Let m = -11 - -26. Let f = m + -9. List the prime factors of f.
2, 3
Let x be (9/6)/((-9)/(-78)). Suppose 0*z + r + 5 = z, -z - x = 5*r. What are the prime factors of z?
2
List the prime factors of (-54)/(-6) + -9 - 3*-45.
3, 5
Let c = -74 + 113. What are the prime factors of c?
3, 13
Let w(u) = -19*u - 2. What are the prime factors of w(-2)?
2, 3
Suppose -292 = -4*l - 4*s, l = -3*l + 4*s + 292. List the prime factors of l.
73
Suppose 3*h - 2*h - 3*y - 71 = 0, 274 = 4*h - 2*y. List the prime factors of h.
2, 17
Let c(r) = -r**3 - 6*r**2 + 7*r - 8. Let m be c(-8). List the prime factors of 3/(-2)*m/(-12).
2
Suppose -5*t - 4*u = -45, 0*t = -t + 2*u - 5. What are the prime factors of 30*(3 + t/(-2))?
3,